**3 - 2*v**2 + 3*v - 9. Let f(i) = -2*a(i) - 9*q(i). What is the tens digit of f(k)?
0
Let m(l) = -2*l**3 + 6*l**2 - 4. Let p be m(2). Suppose -2*r + 195 = -p*y + 765, -5*r = 3*y - 395. What is the hundreds digit of y?
1
What is the ten thousands digit of ((13 - (-3370)/(-40)) + (-1)/4)*-178?
1
Suppose 0 = 13*y - 17*y + 3*z + 14, 5*z = 2*y. Suppose 0 + 2 = k. Suppose -5*d + 108 = 4*f, y*d + 29 = k*f + 5. What is the tens digit of f?
2
Suppose 19 - 19 = 6*n. Suppose 2*d - 690 = -n*d. What is the hundreds digit of d?
3
Let p(k) = -8*k + 20. Let g be p(-13). Suppose 5*j = 9*j + g. Let z = j + 45. What is the tens digit of z?
1
Let s(h) = -5*h - 55. Suppose 7*l - 16*l = 90. Let n be s(l). What is the tens digit of 20*4 - 4 - (1 + n)?
8
Let m(b) = -15*b - 18. Let r be (-4)/(-12)*5*3. Suppose -3*o - 5*p - 36 = 0, -r*o - p = 29 + 9. What is the units digit of m(o)?
7
Let z = 582 - 578. Suppose -4*u = -2*k - 182, 4*u + z*k - 197 = 9*k. What is the units digit of u?
3
Let j = -27 - -43. Let n(o) = -5*o - 37. Let p be n(j). What is the hundreds digit of (-1 - 0)*p/1?
1
Let h(k) = -k**3 + 51*k**2 + 55*k - 148. What is the hundreds digit of h(30)?
4
Let x be 18/(-10) - -2 - (-4)/5. Let y be (-66)/22*(4/(-6) + x). What is the tens digit of y/(-5) - 1527/(-15)?
0
Let o(z) = -644*z**3 + 3*z**2 + 6*z + 19. What is the tens digit of o(-3)?
1
Suppose 6 + 4 = -2*t, 3*m + 9517 = 4*t. Let g = -1661 - m. What is the tens digit of g?
1
Let s(z) = 69*z**2 - 15*z - 164. Let x be s(-8). Suppose -5*r = -8*r - 2*g + 2618, 0 = 5*r - g - x. What is the units digit of r?
4
Let q(c) = c**3 + 21*c**2 - 17*c + 17. What is the thousands digit of q(-11)?
1
Let s = -29 + 32. Suppose -16*r + 10335 = -s*r. What is the hundreds digit of r?
7
Let c(o) = 16*o**3 + 3*o**2 + 4*o. Let q(p) = -7*p - 60. Let i be q(-9). What is the units digit of c(i)?
1
Let v = -2 - -5. Let c(k) = k**3 - k**2 - k + 5. Let g be c(v). Suppose g = 5*w, 3*w + 80 = 4*t + 6*w. What is the units digit of t?
7
Let p(o) = o**3 + 57*o**2 + 78*o - 448. What is the tens digit of p(-51)?
8
Suppose 0 = 6*o + 1093 - 247. Let g = 184 - o. What is the hundreds digit of g?
3
Let j be 28/42*(2 + 1). Suppose j*u + 2032 = 18*u. What is the units digit of u?
7
Suppose 0 = 16*w - 56616 - 43288. What is the tens digit of w?
4
Let n(b) = b + 1. Let z(k) = 14*k - 3. Let j(c) = c - 1. Let l(o) = 14*j(o) - 2*z(o). Let i(m) = -l(m) - 6*n(m). What is the tens digit of i(4)?
3
Let k = 288 + -285. Suppose 4*v + 1072 = 2*s, 8*s = k*s + 4*v + 2674. What is the hundreds digit of s?
5
Suppose 28 = 7*d + 7. Suppose 95 = -d*h - 22. Let p = h + 44. What is the units digit of p?
5
Suppose -3*b - 203*q + 198*q + 85513 = 0, 2*b + 3*q - 57007 = 0. What is the ten thousands digit of b?
2
Let p(y) = -y**3 - 12*y**2 + 19*y - 21. Let c be p(-21). Suppose 114*w = 121*w - c. What is the units digit of w?
7
Suppose -71700 = -82*q + 76*q. Suppose -13*w + q = -920. What is the tens digit of w?
9
Suppose 0 = -5*z - 0*z - t + 3060, t = -4*z + 2448. Let h = -1201 + 1203. Suppose h*d + z = 6*d. What is the tens digit of d?
5
Let k be ((-72)/(-20) - -1) + (-2)/(-5). Suppose -k*l - 1548 = -2*z, 31*z = 26*z - 2*l + 3928. What is the hundreds digit of z?
7
Suppose -38*k - 16*k = -1652003 + 421019. What is the thousands digit of k?
2
Let n = -5391 + 6844. What is the thousands digit of n?
1
Suppose 6*b - 45*b + 1126386 = 15*b. What is the units digit of b?
9
Suppose 11*c = 26*c + 105. Let n(a) = 37*a**2 - 3*a - 21. What is the units digit of n(c)?
3
Suppose -174742 - 169994 = -76*d. What is the units digit of d?
6
Suppose 1773 - 627 = 6*v. Let r = 563 - v. What is the units digit of r?
2
Let b(n) = 131*n + 14. Suppose -8*p + 3 = -11*p + 3*x, -1 = -4*p - x. Suppose u + 3 - 5 = p. What is the hundreds digit of b(u)?
2
Let r = 4079 - -5031. What is the tens digit of r?
1
Suppose -3*s = -3*l - 5052, 1482 = s + 5*l - 208. What is the units digit of s?
5
Let y(u) be the third derivative of u**5/10 - u**4/8 + 15*u**3/2 + 62*u**2 + 2. What is the tens digit of y(8)?
0
Let l(b) be the third derivative of -1/120*b**6 - 3/10*b**5 + 0*b + 10/3*b**3 - 1/24*b**4 - 17*b**2 + 0. What is the units digit of l(-18)?
8
What is the ten thousands digit of (-36)/144 + (131955/12 - 2)?
1
Suppose 4*s - t = 16571 + 10577, -5*t = 5*s - 33960. What is the units digit of s?
8
Suppose 27510 = 2*o + 3*g, 336*o + 2*g = 332*o + 55036. What is the ten thousands digit of o?
1
Let j(q) = 16*q**2 + 17*q - 271. What is the hundreds digit of j(-27)?
9
Suppose -60*c + 426177 = -666483. What is the tens digit of c?
1
Let z(f) = -3 - 14*f - 44*f - 6 + 35. What is the tens digit of z(-7)?
3
Suppose 4*y = 13*b - 18*b + 32, 3*y + 3 = 3*b. Suppose -4*p + 2892 + 1681 = 5*m, b*m = -5*p + 5705. What is the units digit of p?
7
Suppose 4*p = -3*h + 239348, 0 = -1175*p + 1177*p - h - 119674. What is the hundreds digit of p?
8
Let p(r) = r**3 + 6*r**2 + 4*r - 1. Let f(g) = -g**3 + 2*g**2 - 4. Suppose 10*v + 3*v = 26. Let x be f(v). What is the units digit of p(x)?
5
Let v(d) = 46*d**2 - 2*d + 1. Let u be v(1). Let o(l) = -5*l**3 - 3*l**2 - 12*l - 10. Let k be o(-1). Suppose 0 = k*i - u - 123. What is the units digit of i?
2
Suppose 2*m = -3*u - 21588 + 243169, 5*u + 2*m = 369311. What is the ten thousands digit of u?
7
Let k = 155 + 1035. Suppose 0 = -p + k - 620. What is the hundreds digit of p?
5
Let t be (-8)/(-2) + (-28)/7. Suppose 2*m = -t*m - 128. What is the units digit of -5*(m/10 - 4)?
2
Suppose 4*n = -3*n + 497. Let h = n + 809. Suppose 16*i = 5*i + h. What is the units digit of i?
0
Let m be -2*(5/((-5)/3) - 1). Suppose 0 = m*q + 2 - 18. Suppose d - q*k - 59 = 72, 2*k - 361 = -3*d. What is the units digit of d?
3
Let n be (-4)/(0 - 1/(-6)). Let u be ((-6)/(-9))/(n/13572). Let f = u + 534. What is the hundreds digit of f?
1
Let y(f) be the third derivative of f**5/12 - f**4/6 - 5*f**3/6 - 37*f**2. Let a be y(-6). Let g = a - 59. What is the hundreds digit of g?
1
Let d = 57 - 20. Let f = -32 + d. Suppose -4*o + f*j + 7 = 0, 4*o - 2*j = -0*j + 10. What is the units digit of o?
3
Suppose 0 = -5*p + 112 + 83. Let f = p - 37. Suppose 0 = 4*w - f*t - 494, 8*w - 5*w + 3*t - 393 = 0. What is the hundreds digit of w?
1
Let p be 8/10 - 2/(-10). Suppose -h = -6 - p. What is the units digit of ((-6)/h)/((16/(-42))/8)?
8
Suppose 132 = 11*d + d. Let u(l) = l**2 - 13*l + 85. What is the tens digit of u(d)?
6
Let s be (-4)/(-14) + 4358/(-14) + -8. Let f = 461 + s. What is the tens digit of f?
4
What is the thousands digit of 99/(-5) + 20 - (-171582)/15?
1
Let s(l) = l**3 - 6*l**2 - 27*l + 83. Let w be s(8). Let f(o) be the third derivative of -3*o**4/4 - 8*o**3/3 - o**2. What is the tens digit of f(w)?
7
Let j(p) = p**3 - 7*p**2 - 10*p - 4. Let d be j(8). Let m = -20 - d. Suppose 2*o + 6 = -m, 0 = 4*s + 5*o - 373. What is the tens digit of s?
9
Let y(v) = 51*v - 13. Let c be y(4). What is the tens digit of c + (-3 + 3)/(-1)?
9
Suppose -51843 = -6*v + 17925. Suppose -4*a - v = -23*a. What is the units digit of a?
2
Suppose 4*m + 11*g = 13*g + 28862, -5*m = -4*g - 36085. What is the units digit of m?
3
Let n be (3 - 2 - -3)/(3/6). Let v(x) = 13*x + 13. Let h be v(n). Let j = -82 + h. What is the tens digit of j?
3
Suppose -77214 - 353136 = -30*z. What is the ten thousands digit of z?
1
Let l(v) = -v**2 + 34*v + 49. Let k be l(35). Let j(y) = 77*y + 15. What is the hundreds digit of j(k)?
0
Suppose 5*w + 6624 = 18369. Suppose -27*u = -0*u - w. What is the tens digit of u?
8
Suppose -2*y - 36185 + 3207 = -2*s, 3*s - 49432 = -4*y. What is the tens digit of s?
8
Suppose 18*v - 159*v + 343899 = 0. What is the units digit of v?
9
Let n = -707 - -7257. What is the tens digit of n?
5
Suppose 42*i - 48*i = -18. What is the tens digit of 1/i + 4015/33?
2
What is the tens digit of (-6*45/(-2))/(30/2200)?
0
What is the tens digit of -11*(-87)/2233 - 1019/(-7)?
4
Suppose 479 = -2*m + 533. Suppose -m*p - 2975 = -34*p. What is the tens digit of p?
2
Let y = -1108 + 2046. Let m = -636 + y. What is the tens digit of m?
0
Let b = 1113 + -758. Suppose 3*p + 5*l - b = -98, 5*l - 173 = -2*p. What is the tens digit of p?
8
Let l(z) be the first derivative of -z**4/4 + 8*z**3/3 + z**2/2 + 22*z + 9. What is the units digit of l(6)?
0
Let r = 